 661804?
False
Is 1394733 a multiple of 57?
True
Is 1668245 a multiple of 48?
False
Does 62 divide 4299503?
False
Does 10 divide 114580?
True
Does 293 divide 327574?
True
Is 31269 a multiple of 3?
True
Is 107 a factor of 128290?
False
Is 490 a factor of 791840?
True
Does 136 divide 2285499?
False
Is 654576 a multiple of 52?
True
Is 1783424 a multiple of 16?
True
Does 30 divide 1010633?
False
Is 38148 a multiple of 4?
True
Is 62 a factor of 2436600?
True
Is 127 a factor of 4045910?
False
Does 19 divide 512620?
True
Is 5 a factor of 46397?
False
Is 657197 a multiple of 115?
False
Is 54 a factor of 359856?
True
Is 1815 a factor of 8638876?
False
Is 1364 a factor of 1085744?
True
Does 67 divide 208583?
False
Does 109 divide 236110?
False
Is 3695139 a multiple of 920?
False
Is 62 a factor of 166604?
False
Is 2767350 a multiple of 285?
True
Is 1541196 a multiple of 18?
True
Is 12 a factor of 127614?
False
Is 1973359 a multiple of 172?
False
Is 191 a factor of 143250?
True
Is 657713 a multiple of 110?
False
Does 344 divide 445253?
False
Is 62 a factor of 697034?
False
Is 10 a factor of 22079080?
True
Is 220847 a multiple of 11?
True
Is 17 a factor of 4510542?
True
Is 14 a factor of 46942?
True
Is 7229 a multiple of 2?
False
Is 38 a factor of 1299513?
False
Does 5 divide 1280248?
False
Is 551904 a multiple of 780?
False
Does 2 divide 208825?
False
Is 17 a factor of 121720?
True
Is 740 a factor of 1030531?
False
Is 27150 a multiple of 10?
True
Does 1665 divide 19234080?
True
Is 53582 a multiple of 15?
False
Is 54 a factor of 405077?
False
Does 20 divide 276094?
False
Is 4367946 a multiple of 578?
True
Does 42 divide 157203?
False
Does 19 divide 103173?
False
Is 637 a factor of 4292106?
True
Is 8 a factor of 83072?
True
Does 1394 divide 6218634?
True
Does 2 divide 162516?
True
Is 80010 a multiple of 3?
True
Is 468 a factor of 272376?
True
Is 109710 a multiple of 15?
True
Does 13 divide 340799?
False
Is 1278 a factor of 5824231?
False
Is 18 a factor of 1286676?
True
Does 16 divide 184384?
True
Is 36019 a multiple of 80?
False
Is 34 a factor of 194546?
False
Is 71 a factor of 95246?
False
Is 317 a factor of 1041912?
False
Does 10 divide 3065700?
True
Does 19 divide 24852?
True
Is 99 a factor of 15356490?
False
Does 2 divide 66486?
True
Does 131 divide 92658?
False
Is 6 a factor of 1023972?
True
Is 4547 a multiple of 32?
False
Does 23 divide 63493?
False
Is 3 a factor of 3655605?
True
Does 88 divide 350175?
False
Does 109 divide 108128?
True
Is 13022182 a multiple of 2606?
True
Is 171206 a multiple of 7?
True
Does 35 divide 1744626?
False
Does 2270 divide 7000680?
True
Does 39 divide 4531592?
False
Is 93294 a multiple of 18?
True
Is 46256 a multiple of 49?
True
Does 169 divide 73684?
True
Is 310960 a multiple of 115?
True
Is 1588372 a multiple of 39?
False
Is 3 a factor of 10801?
False
Is 9 a factor of 198937?
False
Is 10 a factor of 1191031?
False
Is 1666406 a multiple of 14?
True
Is 11315336 a multiple of 986?
True
Is 563721 a multiple of 76?
False
Is 3496382 a multiple of 93?
False
Is 30 a factor of 736440?
True
Does 6 divide 162333?
False
Does 29 divide 5886238?
False
Is 19 a factor of 853565?
False
Is 12380071 a multiple of 40?
False
Is 18 a factor of 63018?
True
Does 353 divide 24816606?
True
Is 4081764 a multiple of 1182?
False
Is 4318564 a multiple of 236?
True
Does 85 divide 1930080?
False
Does 273 divide 182910?
True
Is 8789714 a multiple of 34?
True
Is 398 a factor of 2388?
True
Is 4 a factor of 105328?
True
Does 116 divide 111039?
False
Does 155 divide 38262?
False
Is 16 a factor of 131680?
True
Is 391201 a multiple of 603?
False
Does 930 divide 6178920?
True
Is 1167720 a multiple of 8?
True
Is 410640 a multiple of 24?
True
Does 29 divide 723912?
False
Does 25 divide 3114?
False
Is 27453 a multiple of 14?
False
Is 13 a factor of 35245073?
False
Is 75 a factor of 15600?
True
Is 7392450 a multiple of 223?
True
Does 166 divide 986743?
False
Is 8 a factor of 12134283?
False
Is 914094 a multiple of 36?
False
Is 633 a factor of 597953?
False
Is 1374126 a multiple of 39?
True
Is 34 a factor of 4608020?
True
Does 219 divide 22024173?
True
Is 4702008 a multiple of 321?
True
Is 5 a factor of 947695?
True
Does 64 divide 15232?
True
Does 19 divide 6260215?
True
Is 29 a factor of 1987492?
False
Does 5 divide 261169?
False
Is 13330087 a multiple of 335?
False
Is 1574087 a multiple of 116?
False
Is 487 a factor of 957253?
False
Is 26 a factor of 17129?
False
Does 17 divide 24662886?
True
Is 22980268 a multiple of 521?
True
Does 247 divide 1637215?
False
Is 5 a factor of 12339?
False
Does 4 divide 25242?
False
Does 84 divide 3471216?
True
Is 2219184 a multiple of 73?
False
Is 268387 a multiple of 9?
False
Is 1006386 a multiple of 238?
False
Does 284 divide 55664?
True
Is 2708490 a multiple of 1318?
True
Does 44 divide 108031?
False
Is 259290 a multiple of 15?
True
Is 73930 a multiple of 16?
False
Does 22 divide 2438436?
True
Does 17 divide 6671525?
False
Is 2 a factor of 2111777?
False
Is 8955994 a multiple of 270?
False
Is 892697 a multiple of 418?
False
Is 137 a factor of 64116?
True
Does 34 divide 29818?
True
Does 4 divide 215386?
False
Is 5651960 a multiple of 367?
False
Is 338 a factor of 543504?
True
Does 14 divide 5520914?
True
Is 46525 a multiple of 129?
False
Is 48 a factor of 179616?
True
Is 83958 a multiple of 21?
True
Does 82 divide 2645214?
False
Is 62 a factor of 1928510?
True
Is 67616 a multiple of 32?
True
Does 91 divide 847521?
False
Is 107 a factor of 904364?
True
Is 371 a factor of 49343?
True
Is 8336129 a multiple of 14?
False
Is 54 a factor of 310770?
True
Does 14 divide 223482?
True
Is 3812 a multiple of 140?
False
Is 56 a factor of 3584?
True
Is 44 a factor of 661225?
False
Is 85800 a multiple of 60?
True
Is 537857 a multiple of 173?
True
Is 8 a factor of 63488?
True
Is 304 a factor of 79250?
False
Does 571 divide 514258?
False
Is 1660978 a multiple of 733?
True
Is 3941905 a multiple of 37?
False
Does 26 divide 176090?
False
Is 512183 a multiple of 8?
False
Is 66 a factor of 711018?
True
Is 187256 a multiple of 526?
True
Does 40 divide 690320?
True
Is 23 a factor of 937?
False
Is 317 a factor of 771186?
False
Does 12 divide 12637?
False
Does 19 divide 364762?
True
Is 82 a factor of 51164?
False
Is 3141457 a multiple of 14?
False
Does 1520 divide 23859440?
True
Does 5 divide 189085?
True
Is 281 a factor of 992773?
True
Is 15 a factor of 3120795?
True
Is 81013 a multiple of 12?
False
Is 402933 a multiple of 384?
False
Is 854608 a multiple of 248?
True
Is 587 a factor of 1991104?
True
Is 4 a factor of 3760455?
False
Does 4 divide 598548?
True
Is 102865 even?
False
Is 3 a factor of 1056949?
False
Does 14 divide 2035245?
False
Is 34 a factor of 3329178?
True
Does 244 divide 8582389?
False
Does 235 divide 225130?
True
Does 5 divide 588949?
False
Does 45 divide 333270?
True
Is 2041635 a multiple of 655?
True
Does 100 divide 573000?
True
Is 508 a factor of 113284?
True
Is 259 a factor of 283346?
True
Does 351 divide 2325024?
True
Is 7 a factor of 182674?
False
Is 13 a factor of 84834?
False
Is 36 a factor of 264888?
True
Is 43903 a multiple of 107?
False
Is 48 a factor of 447552?
True
Does 7 divide 480188?
False
Does 53 divide 12706177?
False
Is 17329 a multiple of 57?
False
Is 225080 a multiple of 331?
True
Is 31413 a multiple of 103?
False
Is 19 a factor of 9933072?
False
Is 21 a factor of 431571?
True
Is 7 a factor of 42092?
False
Is 2220 a multiple of 10?
True
Does 7 divide 7140?
True
Does 14 divide 343700?
True
Does 7 divide 439018?
False
Does 186 divide 205344?
True
Is 21177634 a multiple of 10?
False
Does 28 divide 329588?
True
Is 5722347 a multiple of 9?
False
Does 50 divide 240273?
False
Is 23 a factor of 294770?
False
Is 3009724 a multiple of 142?
False
Is 32 a factor of 40960?
True
Does 17 divide 10558190?
True
Does 64 divide 4827003?
False
Is 2168077 a multiple of 227?
True
Does 58 divide 5791184?
True
Is 470652 a multiple of 364?
True
Does 17 divide 7361822?
False
Does 47 divide 679102?
False
Is 14 a factor of 3878?
True
Is 17 a factor of 5922630?
True
Is 875280 a multiple of 14?
True
Does 38 divide 43957?
False
Does 64 divide 287296?
True
Does 108 divide 20425824?
True
Does 17 divide 20529370?
True
Does 287 divide 1040662?
Tru